 -39 - y. List the prime factors of l.
3, 11
Let h(z) = 5*z**2 - 33*z + 56. Let p be h(15). Let s = 969 - p. List the prime factors of s.
283
Suppose 3*r + 7334 = 4*r. Let m = -4609 + r. What are the prime factors of 1*4 - m/(-25)?
113
Let i = 794 - 205. Let h = i - 306. List the prime factors of h.
283
Let c = 198 + -42. Let p = -79 + c. What are the prime factors of p?
7, 11
Suppose 24*z + 3939 = 25*z - 30521. What are the prime factors of z?
2, 5, 1723
Let p(y) = -y**2 + 25*y + 29. Let r be p(15). What are the prime factors of r + (0 + 2 + -7)/(-1)?
2, 23
Suppose -14*r - 35 = -2*b - 19*r, 30 = 2*b + 4*r. Suppose -2*c + 3354 = -2*x, 79*c - 80*c - b*x = -1677. What are the prime factors of c?
3, 13, 43
Suppose 15*p - 163618 = 37907. What are the prime factors of p?
5, 2687
Let u = -2068 - -2912. Suppose 0 = -2*m + f + 3*f + u, 5*m - 2149 = -3*f. What are the prime factors of m?
2, 107
Suppose k = 2*z - 895, 5*k = -0*z - 3*z + 1336. Suppose 0 = 7*w - 4*w - 567. Suppose -6*b + z = -b - l, -2*b + w = 3*l. List the prime factors of b.
2, 3, 5
Let r be ((-4)/8)/(5/(-45))*-2. List the prime factors of r/21 + -4*(-18549)/252.
2, 3, 7
Let d(i) = -4*i. Let v be d(-2). Suppose -14*m = -v*m - 2946. List the prime factors of m.
491
Let m be 66380/100*10/2. Suppose -m = -4*y - 243. List the prime factors of y.
769
Suppose -2*g + 18198 = 2*s, 25742 = 5*s - g - 19723. List the prime factors of s.
2, 4547
Let y = 2309 - -6817. What are the prime factors of y?
2, 3, 13
Let b = 27426 - 19148. What are the prime factors of b?
2, 4139
Let l = 70 + -91. Let s = -18 - l. Suppose -660 = -s*d - 3*d. List the prime factors of d.
2, 5, 11
Suppose 24*r = 93423 + 406089. What are the prime factors of r?
13, 1601
List the prime factors of (-122455270)/(-4805) + (-1)/(-31).
3, 5, 1699
Suppose -3*n - 5*l + 14145 = -33815, 15986 = n + 2*l. What are the prime factors of n?
2, 3, 5, 13, 41
Suppose 3*s + 3*j - 6 = 0, 0 = s - 3*j + 2 - 4. Let f(v) = 34*v**3 + 4*v**2 - 5*v - 2. What are the prime factors of f(s)?
2, 3, 23
Let d = -87 - -243. Let y = 181 - d. What are the prime factors of y?
5
Suppose 14*x + 2*v - 5142 = 13*x, -10254 = -2*x + v. What are the prime factors of x?
2, 3, 5, 19
Let a(g) = -g**3 + 6*g**2 + 14*g + 17. Let i be a(8). Suppose 5*l + 17 = 3*n, -5*n - 3*l - 13 - 4 = 0. List the prime factors of ((i - -1) + n)/(4/272).
2, 17
Suppose -94 = -5*o + 91. Let t = o + -40. What are the prime factors of (21/(-2) - 5)*(t + -1)?
2, 31
Let g = -10864 - -16468. What are the prime factors of g?
2, 3, 467
Suppose -9*k + 64 = 1. Suppose k*c + 2256 = 19*c. Suppose 0 = 55*p - 54*p - c. What are the prime factors of p?
2, 47
Suppose 4*m = 16, 577*i - 580*i - 5*m = -38393. List the prime factors of i.
12791
Suppose -5 = -4*y - 4*d - d, 0 = y - 4*d - 17. Suppose y*o + 3*l - 1026 = 1677, 2*o + 4*l - 1070 = 0. List the prime factors of o.
3, 181
Suppose -4*g + 2*u + 69590 = 0, -34*u - 52188 = -3*g - 31*u. What are the prime factors of g?
127, 137
Let w = -299 + 1172. Suppose w + 414 = 3*y. What are the prime factors of y?
3, 11, 13
Suppose 4*k - a - 229973 = 0, 0 = -975*k + 979*k - 4*a - 229988. List the prime factors of k.
2, 3, 1597
Suppose -2*r = -8 - 2. Suppose -5*w + 5 = 0, -r*w - 1896 = -q - 3*w. What are the prime factors of (q/(-78))/((-1)/3)?
73
Let k be 2 + -2 + 8 + -8. Suppose -2*f - 4 + k = 0, 3*j + 3*f - 4230 = 0. List the prime factors of j.
2, 353
Let z = -2734 + 3658. What are the prime factors of z?
2, 3, 7, 11
Suppose -4*w + 60 = -4*n, -3*w - n = -98 + 33. Suppose 9*i = 7*i - w. What are the prime factors of -2 + 24/(i/(-5))?
2, 5
Let p(k) = -k + 2. Let i be p(-2). Suppose -2*v + 4*l = 2 + 2, -4*v + 4 = -i*l. Suppose v*w + 791 = 5*y - 125, y - 160 = -5*w. What are the prime factors of y?
2, 3, 5
Let s(i) = -217*i - 232. Let v(c) = -2*c - 2. Let g(a) = s(a) + v(a). What are the prime factors of g(-9)?
3, 193
Let m be (3 - 0)*(-9)/(-27)*71. Suppose 3*t = 5*l - 40, 0 = 6*l - l + 5*t. Suppose -11*n + m = l. List the prime factors of n.
2, 3
What are the prime factors of (-81018)/(-9)*28/8?
7, 643
Suppose -z - 205 = 2*p, -2*z = 3*z + p + 980. Let x = z - -295. List the prime factors of x - (-4 - 0/(-3)).
2, 13
Let l be ((-1424)/(-6))/((-6)/(-9)). Let s be 16/24*-357*(-2)/4. Let h = l - s. List the prime factors of h.
3, 79
Let s(l) = l**3 - 7*l**2 - 8*l + 4. Let n be s(8). Suppose -n*r + r = -3*u + 4275, -4*r + 7152 = 5*u. What are the prime factors of u/35 - (-1)/5?
41
Let f = 98 - 110. Let m be (-112644)/f - 3*1. What are the prime factors of m/42 + (-3)/7?
223
Let x(p) = -1059*p + 463. Let t be x(-11). Suppose -9*g + 25*g - t = 0. What are the prime factors of g?
757
Suppose 46*c = 50*c + 3*z - 9046, 0 = -c - 2*z + 2269. List the prime factors of c.
37, 61
Let r(g) = -7*g + 34. Let x be r(5). Let p be x/5 + (-31)/(-5). Suppose p*y = 3*y + n + 211, y - 77 = -3*n. List the prime factors of y.
71
Let d(h) = h**3 + 20*h**2 - 30*h + 6. Suppose -2 = 2*m + 40. Let v be d(m). Let w = v + -122. What are the prime factors of w?
73
Let g be ((-6)/(-3))/((-15)/(17910/12)). Let n = 325 + g. List the prime factors of n.
2, 3, 7
Suppose -5*x + 146515 = -2*o, 0 = 314*x - 318*x - 4*o + 117212. What are the prime factors of x?
29303
Let j = -325 - -331. List the prime factors of 290 - (6 + -6) - j/2.
7, 41
Let z(q) = 58*q - 27. Let s(o) = 73*o + 149. Let m be s(-2). What are the prime factors of z(m)?
3, 7
Suppose 2*p - 2*o - 986 = 700, -o - 3387 = -4*p. Suppose -9*g = -25*g + p. List the prime factors of g.
53
Let b = 462 - 100. Suppose -409 = -t + b. List the prime factors of t.
3, 257
Suppose -6*c - 7*c = 1820. Let r be (202/(-5))/((-5)/(-25)). Let v = c - r. List the prime factors of v.
2, 31
Let q(r) be the second derivative of -11*r**3/3 + 3*r**2 - 1424*r. Suppose 3 = -3*k, 4*k = -6*d + d - 34. List the prime factors of q(d).
2, 3, 23
Let d = 429 + -942. Let k = d + 892. List the prime factors of k.
379
Let o(j) = j**2 - 11*j + 35. Let f be o(4). List the prime factors of 1120/f*(2 + 3/(-2)).
2, 5
Let s be 4/18*3 + (-14)/(-6). Suppose -910 = 4*f - u + 3*u, -684 = s*f + 3*u. Let j = -162 - f. What are the prime factors of j?
5, 13
Let h(j) = 60*j**2 + 5*j. Let f be h(4). Suppose -f - 349 = -3*b. What are the prime factors of b?
443
Let b be 3/(-1) + 11 + (-2 - -4). Let c be ((-8)/14)/(-5*b/175). Suppose c*k + 16 = 3*k. What are the prime factors of k?
2
List the prime factors of (-9 + 140)/((-4)/(-60)).
3, 5, 131
Suppose 3*t = t + 1432. Suppose 6*b + t = 266. What are the prime factors of (-489)/(-5) + (-15)/b?
2, 7
Suppose 3 = -3*l + 15. Suppose 2*n = n - l*w + 22, 2*w + 52 = 4*n. Suppose -n*v + 13*v + 100 = 0. List the prime factors of v.
2, 5
Suppose -5*o + 34*k = 35*k - 126618, 0 = 4*o + 4*k - 101272. List the prime factors of o.
5, 1013
Suppose -3*j - j + 864 = 0. Suppose -j = -n + 5*n. Let o = n - -90. List the prime factors of o.
2, 3
Let w(f) be the second derivative of -f**3/2 + 19*f**2/2 - 71*f. What are the prime factors of w(-6)?
37
Suppose 3*d - 2*c - 113935 = 0, d - 81*c + 77*c = 38005. List the prime factors of d.
13, 23, 127
Let w(v) = v - 2. Let p be w(6). Suppose m + 2 = 0, o = 2*m + p + 167. What are the prime factors of o?
167
Let b(z) = -11 - z**3 - 6*z**2 + 4 - 8*z**2 - 10 + 14*z. Let k be b(-15). List the prime factors of (k/(-5))/(-3*2/(-390)).
2, 13
Suppose -129*w = -105*w - 36526 - 14978. What are the prime factors of w?
2, 29, 37
Suppose 3*k = -3, 2*k - 42 = -w + 4*k. What are the prime factors of (-1)/5 - (-12208)/w?
5, 61
Suppose 0 = -3*i + 17 - 14. Let x(f) = 7*f**3 + f**2 - f. Let r be x(i). Suppose -r*p = -398 - 435. What are the prime factors of p?
7, 17
Let v(q) = 5*q**2 + q + 2. Let b be v(-1). Let a be (-3)/(-2) + (339/b - 2). What are the prime factors of 39*(80/a)/(6/14)?
2, 5, 13
List the prime factors of ((-10372)/(-18))/((-44)/(-198)).
2593
Suppose -18*c = -21*c - 4*c + 36876. List the prime factors of c.
2, 3, 439
Suppose -3*n = 0, -4*a + 203399 = -5*n - 37249. What are the prime factors of a?
2, 3, 37, 271
Let n = 9912 + -3039. Suppose -11*h + n = -11552. What are the prime factors of h?
5, 67
Let t be 3088 + ((-90)/72)/(2/8). Let m = t + -1447. List the prime factors of m.
2, 409
Suppose 18 + 10 = -4*y, -2*s = -4*y - 54570. List 